 -5.
1
What is the value of 9 - ((-2 - -3) + 3)?
5
What is -3 + 0 + (-4 + 5 - -2)?
0
Calculate 1 + (4 + -2 + 0 - -1).
4
Calculate -1 + 2 + -3 + 2.
0
Evaluate 6 + 3 + (1 - -6 - 11).
5
What is the value of (-11 - (-13 - 8)) + 0 + -4?
6
-1 - ((-1 - -8) + -3 - 0)
-5
What is the value of -16 + 18 + 2 + 0 + -1?
3
What is the value of (-5 - -1) + (11 - 7) + -1?
-1
Evaluate -3 + -7 - -9 - (-5 - 1).
5
Calculate -2 + (-6 - -7) - 7 - -3.
-5
Evaluate (0 - -1 - 0) + (9 - 3).
7
What is -4 + (-3 - (-14 - -4 - -5))?
-2
Evaluate (5 - 3 - 6) + 5.
1
What is the value of 9 + -1 + -7 - -9?
10
What is (-15 - -16) + (0 - 2) - -3?
2
What is -6 + -1 - ((4 - 3) + -6)?
-2
4 - (1 + 2 + -1)
2
8 + (3 - 5) - (-3 + 4)
5
Calculate -4 + 3 - 2 - -1.
-2
What is the value of -7 + 11 + -5 + -3?
-4
What is the value of -4 - ((6 - 2 - 3) + -2)?
-3
-3 - (-4 - -3) - -4
2
Evaluate (-96 - -104) + (-11 - 2).
-5
Calculate (2 - 0) + -3 + 3 + -4.
-2
Calculate (-1 - 0) + 1 - 2.
-2
What is 1 - 3 - -1 - (10 - 7)?
-4
Calculate 0 + 3 + -6 + 1 - -2.
0
What is -4 + (4 - (1 - (-5 + 3)))?
-3
What is the value of 0 + (-6 - -1) + 2 + -1?
-4
Evaluate -6 + 10 + (-3 + 9 - 6).
4
Calculate (-1 - -3 - -1) + (9 - 9).
3
Calculate -8 + (-3 - (-11 + 3)).
-3
Calculate -8 + 7 + (-2 - (-5 - -1)).
1
Calculate (0 + 1 - -2) + -2 + 3.
4
1 + 0 - (15 + -8)
-6
What is 0 - -1 - (-10 + 7)?
4
Calculate -3 - (3 + -6 + 4 + -2).
-2
What is 5 + (-2 - 1 - (15 + -14))?
1
4 + 2 + (-1 - 3) - 3
-1
What is the value of (-3 + 0 - -7) + -3?
1
6 - 4 - -4 - 8
-2
What is (4 - 9) + 2 + (-6 - -6)?
-3
Evaluate -1 + -10 - (4 - (11 + -1)).
-5
What is (0 + 6 - 1) + -2?
3
What is -8 + (7 - -9 - (-2 + 10))?
0
Calculate 52 - 58 - (-1 + 0 - 1).
-4
Evaluate -11 + 12 - (-2 - -3).
0
Calculate -1 + (-3 - (-4 - -2)).
-2
7 + -8 - (1 - -2)
-4
Evaluate (2 - -3 - 21 - -3) + 7.
-6
Evaluate 0 + -6 - (1 - 2).
-5
What is the value of -6 + (4 - (3 - 3)) + 0?
-2
-2 + (-6 + 0 - -4)
-4
What is 2 + 1 + (-6 + 2 - 3)?
-4
What is -7 - (-6 - (0 + (4 - -3)))?
6
What is the value of 2 - (3 - (1 - 0 - 4))?
-4
What is the value of (-23 - -18) + (3 - 1)?
-3
What is the value of 7 + -8 + (3 - 3) + -3?
-4
Evaluate 15 - 21 - (1 - (1 - -8)).
2
What is -6 + -1 + -2 + 15?
6
What is 22 - 23 - (-4 - 2)?
5
Evaluate (0 + 1 - 5) + 3.
-1
4 + (2 - 0 - -2) + -5
3
Calculate 3 + (3 - (3 + 0)).
3
(3 - -3 - 3) + -4
-1
2 + 5 + -12 + 4
-1
What is -2 - (-3 - -2 - 2 - -2)?
-1
Calculate -6 + (0 - (-4 + (-1 - -1))).
-2
11 + (-8 + 1 - 8)
-4
Calculate -7 + (5 - 5) + -1 + 1.
-7
What is 2 + -2 + 3 + -3 + 3?
3
Evaluate (238 - 236) + -1 + 1.
2
-6 - (1 + (-3 - 1) + 0)
-3
Calculate 4 - (1 + 2 + 8 + -8).
1
Calculate (0 - -3) + (-29 - -31).
5
What is -10 + (0 - -16) + -8?
-2
Calculate -2 - ((-3 - -8) + -4).
-3
Evaluate -2 - ((-7 - (-5 + 1)) + -2).
3
What is (-6 - 1) + (-41 - -42)?
-6
Evaluate 97 + -93 - (-1 + -1 + 1).
5
(2 - (-5 + 4)) + -8
-5
Calculate -3 + (-5 - -11 - 1).
2
What is the value of -2 - 1 - (7 - (-4 - -19))?
5
What is -3 - -3 - (-11 - -23 - 10)?
-2
What is -1 - (-1 - (6 + -3))?
3
Evaluate -6 + -1 + (14 - 13).
-6
What is the value of -2 - -2 - (17 - 15)?
-2
Calculate (-12 - (-2 + -12)) + 4.
6
What is (-3 + 2 - -8) + -7?
0
What is the value of (2 - (-5 + 4)) + -8?
-5
-1 + (1 - 0) + (1 - -3)
4
Evaluate 3 + -14 + 6 - -5.
0
-1 + -1 + -6 - -5
-3
What is the value of (8 - 9) + 8 + -7?
0
What is the value of 11 + -9 + (17 - 12)?
7
What is the value of (-4 + (6 - 4) - -3) + 3?
4
What is the value of -3 - (0 + (3 - 0) + -3)?
-3
4 + -2 + (1 - (4 + -5))
4
Evaluate -8 - (-1 + -9 - (-8 - -4)).
-2
Evaluate 4 - 7 - (-3 - -4) - 1.
-5
What is 1 + -4 - -11 - 11?
-3
Evaluate 2 - (0 - (-2 + (-1 - -2))).
1
What is -14 + 16 + (-4 - 0) + -3?
-5
-3 + -3 + 8 - 1 - 4
-3
What is the value of 6 + -2 + (1 - (-4 + 2))?
7
What is the value of (3 - 11) + -1 + (-27 - -31)?
-5
Calculate 1 - -2 - (25 + 3 - 29).
4
What is the value of -7 + 47 + -48 + (0 - 0)?
-8
Calculate 5 - (-6 - (-12 + -1)).
-2
What is the value of 0 + -3 + (-4 - -4) + 5?
2
Calculate (-3 - 1) + -17 + 18.
-3
Calculate 2 + -1 + -6 + 7 - 1.
1
What is -1 + -1 + 1 + (-2 - -2)?
-1
What is the value of 1 + -2 - 8 - (12 + -18)?
-3
Evaluate -13 - (2 + (9 - 34)).
10
-3 - (4 - 5 - -3)
-5
Evaluate -7 + 5 + 9 + -2.
5
Calculate 3 - 5 - -3 - (1 - 0).
0
What is -6 - -10 - (16 + -9)?
-3
What is 10 + (4 - 6) - (0 + 2)?
6
What is (0 - (2 + -4)) + (2 - 6)?
-2
Calculate -5 + (5 - (-4 + 3)).
1
Calculate -6 + 19 + 0 + -22.
-9
Calculate 3 + (0 - (-3 - -2)).
4
(-4 - ((1 - 2) + 2)) + 1
-4
107 - 111 - (-4 + 0 + -1)
1
Evaluate 2 + 5 + 57 + -67.
-3
What is -3 + 0 + -8 + 9?
-2
Evaluate -1 + 5 + (-9 - -6) - 4.
-3
What is -7 + 0 + 9 + -2?
0
What is the value of -2 + -2 + (-1 - 1) + 2?
-4
What is the value of 2 - (3 - (0 + 5 + -3))?
1
What is the value of -2 + 3 + 0 - 4?
-3
1 - (3 - ((0 - 5) + 3))
-4
What is 8 + -14 - -3 - -1?
-2
Calculate 4 + -2 + (-14 - -6).
-6
What is (-2 - -1) + (83 - 80)?
2
Calculate 1 - 11 - (-22 - -16).
-4
6 + (-10 - -7 - -8)
11
-7 + (5 - 2) + 5
1
7 + 0 - 12 - (0 + 3)
-8
What is 19 + -6 + -10 + (-1 - 1)?
1
4 - 5 - (-4 - -5 - 2)
0
2 + 1 + 4 + -4
3
What is the value of 9 - 7 - -5 - 9?
-2
3 - (-3 + 4) - (9 - 3)
-4
-5 + (-5 - -7) + (-1 - -4)
0
Calculate 97 - 102 - (1 - (-1 + 12)).
5
What is 0 - ((4 - 6) + 4 + -4)?
2
(7 - 4) + (0 - 3)
0
1 + -2 - (24 + 0 + -20)
-5
Calculate (2 + -1 - -1) + (6 - 7).
1
Evaluate 0 - -3 - (5 + 3) - 1.
-6
What is the value of 8 - 3 - 16 - (-14 + 7)?
-4
Calculate (0 - 1) + -5 + -5 + 8.
-3
Evaluate 2 + -13 + 2 + 4.
-5
Calculate 4 - (2 + (-2 - 0)).
4
What is (-6 - -2) + 10 - 9?
-3
-12 + (-9 - -7) + 10
-4
Evaluate 1 - (-4 - (-1 + 0)).
4
What is the value of (20 - 20) + (-1 - -2) + -1?
0
Evaluate -6 - (4 - ((-3 - -6) + 3)).
-4
What is the value of -5 - (5 - (-4 - -5 - -3))?
-6
What is the value of -3 - (6 - (9 + -1))?
-1
-3 + (7 - (7 - 4))
1
What is the value of 8 - (-9 + (6 - -6))?
5
Evaluate (-1 + -3 + 4 - 2) + -1.
-3
1 - (8 + -2 + -5)
0
What is -5 + 15 + 6 + -10?
6
Evaluate 4 + -10 + 5 + (1 - 6).
-6
What is the value of -2 + -8 + 12 - -1?
3
What is the value of (1 + 0 - (-6 + 11)) + 8?
4
What is the value of 2 + 2 + (2 - -6 - 13)?
-1
-1 + -4 + -1 + (4 - 3)
-5
What is 3 + -11 + 3 + 2?
-3
What is (-1 - -4) + 4 + -1 + -4?
2
Calculate -1 - -1 - (-1 - -4 - 5).
2
What is the value of (-4 - 1) + (2 - -6)?
3
Calculate (-5 - 0) + (2 - 2).
-5
What is the value of 3 - 3 - (2 + -3)?
1
What is (16 - 13) + (-3 - 6) + -1?
-7
Evaluate -28 - -19 - (-1 + -1).
-7
What is the value of -7 - (-9 - (2 + -4))?
0
Calculate 6 + 3 + (9 - 22).
-4
-12 + 7 - (0 + -2)
-3
What is the value of (0 - -1 - -1) + (-4 - 2)?
-4
What is the value of (44 - 48) + (-1 - -1) - 5?
-9
Calculate 4 + (3 - (3 + 0 + 2)).
2
(2 - -1) + 2 + -1 - -2
6
Calculate 3 - (-2 - -4 - -1).
0
What is -2 + (-5 - -9 - (0 - -3))?
-1
What is the value of -5 + 5 + (-4 - -4)?
0
What is the value of -9 + -11 + 19 - -5?
4
Calculate 1 + 5 - (1 + -5 + 9).
1
What is 6 + (13 - 13) + -2?
4
5 - (0 + 14 + 0 + -6)
-3
19 + (-9 - 14) - (4 + 1)
-9
Calculate -4 - (5 + 3 + -4).
-8
What is the value of -4 - ((-1 - -6) + -10)?
1
Calculate (8 + -11 - (-5 + 0)) + -1.
1
Calculate (-6 - -6 - 4) + 4.
0
What is 1 - (-1 + -2 + (-5 - -11))?
-2
Evaluate -5 + 0 + (1 - -1).
-3
Calculate 3 + (10 + -8 - 6).
-1
Calculate 1 + 2 - (3 + -1 + -3).
4
What is (-1 - (-1 + 2 - 3)) + -4?
-3
0 + 0 + -2 + 0 + 4
2
What is the value of -15 + 16 - (4 - 11)?
8
Evaluate 7 + 24 + -12 + -20.
-1
Evaluate -4 - ((0 - 3) + (-27 - -22)).
4
What is the value of (-5 + 1 - 4) + (-2 - -5)?
-5
(-7 - (-8 + 5)) + 1
-3
Evaluate -2 + (-2 + 2 - -2 - 1).
-1
0 + 5 - (-12 - -14 - -2)
1
Evaluate -5 + -1 - (-2 + 1).
-5
What is the value of (2 + -24 + 7 - 1) + 7?
-9
What is 3 - (2 + 4 - -1)?
-4
Evaluate 1 + 8 - 2 - (-49 + 54).
2
(12 - 8) + -2 + -4
-2
Calculate (-4 - (-3 - 4)) + (2 - 2).
3
Calculate 3 - 5 - (-2 + (-7 - -4)).
3
What is (-1 + 0 - 6) + 6?
-1
11 - (7 + (3 - 1))
2
3 + 2 + -6 + 2 + -7
-6
What is the value of 9 + 2 + -16 + 10?
5
What is the value of (1 - 6) + 3 - -7?
5
Evaluate 3 + (-2 - 2) + (-7 - -3).
-5
Calculate 0 - (-1 + 3) - (1 - 3).
0
Calculate (-4 - 7) + 1 - -10.
0
5 + -2 - (5 - 5)
3
Calculate -5 + (0 - (-2 + -1 - -2)).
-4
3 - (3 - 4) - 0 - 8
-4
Calculate -6 + -1 + 8 + -4.
-3
Evaluate (1 - 3) + (-6 - (-3 - 4)).
-1
4 + -1 + -1 + -2 + -4
-4
What is (12 - 10) + (2 - 6